 what is -7 - -a285d?
a2856
In base 7, what is 0 - -6456323301?
6456323301
In base 7, what is -12 + -53134466?
-53134511
In base 4, what is 131232 + -1100030?
-302132
In base 12, what is 72bb2 + 112b?
74121
In base 13, what is 5596 - 31c?
5277
In base 13, what is 578733 + -17?
578719
In base 16, what is 4 + -45d57b?
-45d577
In base 12, what is 2 - -4474331b?
44743321
In base 11, what is -13a481 - 427?
-13a8a8
In base 15, what is 212d37a + 3?
212d37d
In base 10, what is 12690223 + -5?
12690218
In base 4, what is -22111201023 - -11?
-22111201012
In base 3, what is -1112021100100 + 111?
-1112021022212
In base 8, what is 120 + -251624?
-251504
In base 8, what is 6732413 - 5?
6732406
In base 12, what is -332a6 - -657?
-3284b
In base 9, what is -344002 - -71?
-343821
In base 11, what is 1 + 345a82?
345a83
In base 3, what is 11212022 + 112121110?
201110202
In base 15, what is -7dbe3549 + 0?
-7dbe3549
In base 16, what is -68e - 1d52?
-23e0
In base 9, what is 42803658 + 7?
42803666
In base 16, what is -2470b - -1b?
-246f0
In base 16, what is -1 - bbe521?
-bbe522
In base 13, what is -1 + -681453?
-681454
In base 11, what is 2023760 + -1a?
2023741
In base 9, what is 1 - -2538548?
2538550
In base 9, what is 2421587 + 4?
2421602
In base 5, what is 444 - 3241444?
-3241000
In base 3, what is -2101010 + -220112221?
-222221001
In base 16, what is -10d0b89 - -5?
-10d0b84
In base 8, what is -34 + 5464271?
5464235
In base 2, what is 110101 + -10000000010100011011?
-10000000010011100110
In base 14, what is -1974a + 147a?
-182b0
In base 3, what is 11111122 - 1011202?
10022220
In base 2, what is 1101011011110 - -10111010011111?
100100101111101
In base 16, what is a9 - 364bb?
-36412
In base 14, what is 7cbd - 2b5?
7a08
In base 9, what is 0 - -5271205?
5271205
In base 3, what is -1000010210 + -200120010?
-1200200220
In base 13, what is 7 - 6671045?
-667103b
In base 15, what is -b05 - -1b382?
1a77c
In base 5, what is 114413 + -13423432?
-13304014
In base 11, what is -4831 + 11150?
741a
In base 6, what is -105050 + -31042?
-140132
In base 16, what is 17e20e + -5?
17e209
In base 16, what is 706 - -9eb3?
a5b9
In base 4, what is 10021 + -1233032?
-1223011
In base 9, what is 102 - -1186110?
1186212
In base 3, what is 221211011221 - -2?
221211012000
In base 6, what is 323122530 + 4?
323122534
In base 3, what is 21 - -121111211221?
121111212012
In base 7, what is -354 + 1013560?
1013203
In base 3, what is -101120121120021 + 200?
-101120121112121
In base 8, what is -26426105 + -1?
-26426106
In base 14, what is 0 + 4db560?
4db560
In base 6, what is -1 + 54523352?
54523351
In base 8, what is -140770 - -2501?
-136267
In base 15, what is -90 + b511?
b471
In base 3, what is 20000 + 121111002112?
121111022112
In base 12, what is 1515931 + -128?
1515805
In base 10, what is 13794 + 602?
14396
In base 13, what is 7 - 316a5?
-3169b
In base 6, what is -22 - -120010425?
120010403
In base 3, what is 11001221 - -121210000?
202211221
In base 14, what is -c33b972 - -4?
-c33b96c
In base 5, what is 43 + -1404442400?
-1404442302
In base 14, what is -36194ac - 13?
-36194c1
In base 8, what is 1113 - -126653?
127766
In base 2, what is -11000 + -1000101010010111000110110?
-1000101010010111001001110
In base 9, what is -27023 + -6781?
-34814
In base 15, what is 1 - -7c52e4?
7c52e5
In base 12, what is -9a010 + -48?
-9a058
In base 10, what is 442595 + -2?
442593
In base 10, what is -13248857 + -5?
-13248862
In base 14, what is 695c19a + 13?
695c1ad
In base 10, what is 90086 - -13512?
103598
In base 7, what is -502510 + 41?
-502436
In base 16, what is 4f45 - -2a2?
51e7
In base 4, what is -1 + 11030303301110?
11030303301103
In base 2, what is 10100 + 10100000001001011010?
10100000001001101110
In base 6, what is -3525 - -151343?
143414
In base 16, what is a - -24c748?
24c752
In base 2, what is -10110001110001100100110 - 110?
-10110001110001100101100
In base 4, what is -123 + -2303110301?
-2303111030
In base 15, what is 9 + 61e77?
61e81
In base 9, what is -182602176 - -4?
-182602172
In base 12, what is -1656 - 1981a?
-1b274
In base 10, what is -830 - 1477552?
-1478382
In base 15, what is -29dd7 - -125?
-29cb2
In base 6, what is -1333 - 3125330?
-3131103
In base 16, what is -1321d8 - 4?
-1321dc
In base 12, what is -3345346 + -22?
-3345368
In base 9, what is 466 + -321625?
-321148
In base 11, what is 5a4 + 5594?
6088
In base 6, what is -1 + 100404422?
100404421
In base 16, what is 2ef + -16ff?
-1410
In base 7, what is -1045214 + -1?
-1045215
In base 15, what is -34aec8 + -55?
-34b02d
In base 13, what is -3 + -10a35?
-10a38
In base 15, what is -3 - da887?
-da88a
In base 15, what is 1a - -7ae883?
7ae89d
In base 16, what is 88 + -19621?
-19599
In base 2, what is -11111010101000101101010 - 0?
-11111010101000101101010
In base 5, what is -1 + -4410313443?
-4410313444
In base 3, what is -22 - -10201222210212?
10201222210120
In base 12, what is b93a7 - -927?
ba112
In base 7, what is -4162 - 435261?
-442453
In base 12, what is 628 - -4a151?
4a779
In base 2, what is 1001011101100001011000100010 - 11?
1001011101100001011000011111
In base 3, what is 2 + 211020010010220212?
211020010010220221
In base 5, what is -104020110441 - -10?
-104020110431
In base 6, what is -1125 + 1145253?
1144124
In base 3, what is -12 + -1010120022000121?
-1010120022000210
In base 7, what is -21536130 - 231?
-21536361
In base 8, what is -6036 + 52157?
44121
In base 9, what is -3643 + 1710?
-1833
In base 8, what is -15356347 + 2?
-15356345
In base 3, what is 22022222202201 + -1100?
22022222201101
In base 3, what is 120002 + -222012?
-102010
In base 8, what is -177343 - -4?
-177337
In base 12, what is 1a9835 + -27?
1a980a
In base 9, what is 5 + -1731802?
-1731786
In base 9, what is -13624604 - 3?
-13624607
In base 5, what is -1142200 - 3?
-1142203
In base 10, what is 9430922 - -2?
9430924
In base 15, what is 94a099 + -1?
94a098
In base 5, what is 4133424 - -114?
4134043
In base 8, what is -3 + 20436573?
20436570
In base 5, what is 1 + 10224210043?
10224210044
In base 4, what is 1023 + -11313022?
-11311333
In base 11, what is -14a63aa8 + 5?
-14a63aa3
In base 16, what is -57d - -11be7d?
11b900
In base 6, what is -11542342354 + 11?
-11542342343
In base 5, what is 214440401 + -324?
214440022
In base 6, what is -233140 + 320?
-232420
In base 5, what is 102111011 - -13?
102111024
In base 10, what is 3896 + 3556?
7452
In base 6, what is 1300 - 2554304?
-2553004
In base 2, what is 1010000101011100111 + 1000110?
1010000101100101101
In base 8, what is 32 - 406631?
-406577
In base 8, what is 22745 + -10362?
12363
In base 3, what is -2 + 1101001020021?
1101001020012
In base 13, what is -4c - -27319?
2729a
In base 9, what is 72 + 113654?
113736
In base 3, what is 20212201021 + 1010001?
20220211022
In base 5, what is -222102212 + 4?
-222102203
In base 15, what is -20 - 1b6a3?
-1b6c3
In base 14, what is 7594 - c65?
672d
In base 4, what is 12131012 + -10222?
12120130
In base 16, what is -7 + 100da3?
100d9c
In base 10, what is 9 - 19492996?
-19492987
In base 4, what is 1102201201 - 1203?
1102133332
In base 2, what is 101 + -100010111111111000100111101?
-100010111111111000100111000
In base 6, what is -303513 + 4032?
-255441
In base 2, what is 10100101100001010 + -1001101111?
10100100010011011
In base 15, what is -9a8 + -3c98?
-4751
In base 14, what is -352a + -24b?
-3777
In base 5, what is -120212413 - -1220?
-120211143
In base 16, what is 11 - -49f455?
49f466
In base 16, what is ad + -22689?
-225dc
In base 5, what is 1133420 - -314032?
2003002
In base 4, what is -22 - 1312300311032?
-1312300311120
In base 5, what is -1411 - -13332024?
13330113
In base 12, what is -aa + -403855?
-403943
In base 14, what is -1 - -163b69?
163b68
In base 14, what is 2256ac - 2?
2256aa
In base 5, what is 14331 - -2010220?
2030101
In base 10, what is 83971 - -333?
84304
In base 10, what is 703 + 14444?
15147
In base 13, what is -2 - -ac16a82?
ac16a80
In base 14, what is 1392b6 - aa?
13920a
In base 2, what is 11 - -1000010011101011101110101?
1000010011101011101111000
In base 15, what is 1 + -474100b?
-474100a
In base 9, what is 154 + 46810?
47064
In base 16, what is 54d5 + -70?
5465
In base 10, what is -16364 - 4426?
-20790
In base 16, what is 2d8 + 778?
a50
In base 4, what is -1022